*2 + 15*t - 3. Let q(k) = 2*f(k) - 5*v(k). Calculate the remainder when 49 + 12*(-3)/(-6) + 0 is divided by q(-14).
10
Let c(p) = -92*p + 25. Let w(t) = 92*t - 23. Let n(r) = -5*c(r) - 6*w(r). What is the remainder when n(-1) is divided by 25?
5
Let f = -1306 + 1424. Calculate the remainder when 567 is divided by f.
95
Let o be ((-72)/16)/(6/(-4)). Suppose -5*s + 295 = 4*a, s + 0*s + o*a = 48. What is the remainder when 183 is divided by s?
57
Let o(b) = -2*b**3 - 3*b**2 + 9*b + 1. Let w be o(-3). Calculate the remainder when 528/(5 - w) + -4 is divided by 43.
42
Suppose -17 + 13 = -g + b, -3*b + 12 = 0. Suppose -l = r + 43, 0*l - 2*r + 70 = -2*l. What is the remainder when -2 + (-1)/1*l is divided by g?
5
What is the remainder when 67 - (17 - -10 - 16) is divided by 1?
0
Suppose 92*k - 10809 = -137. Suppose -w - 2*d = w - 76, 4*d = 4*w - 168. What is the remainder when k is divided by w?
36
What is the remainder when 11815/(14 + -9) - -11 is divided by 27?
25
Suppose 0 = 2*y - 52 - 44. Suppose -9*d + 9*d = 4*d. Let u(b) = b**2 + 3*b + 18. What is the remainder when y is divided by u(d)?
12
Let i = -10 + 8. Let p(y) = 14*y**2 + 3*y + 3. What is the remainder when p(i) is divided by 2/4*-6*-3?
8
What is the remainder when 2/(-24) - (3/30 - (-792933)/(-180)) is divided by 21?
16
Suppose 32091 - 41488 = 170*m - 221047. What is the remainder when m is divided by 8?
5
Let j(g) be the first derivative of -11*g**2/2 - 12*g + 5. Calculate the remainder when 1 + 6 - ((-1233)/6 + 2/4) is divided by j(-6).
50
Let u = 3704 + -2925. Calculate the remainder when u is divided by 108.
23
Let x(v) = v**2 - 13*v - 3. Let s be 2 + 17 - (10 + -5). What is the remainder when 49 is divided by x(s)?
5
Let h(y) = -y**2 + 127*y - 2145. Calculate the remainder when 181 is divided by h(21).
19
Suppose 0 = -g - 3*g + 8. Suppose -g*k + 4 = -6. Let c = -1107 + 1136. What is the remainder when c is divided by k?
4
Suppose 5*j - 2*v = -0*v - 9, -4*v + 12 = -4*j. Let p be 1 - (1 + j) - -8. Suppose -p*k = -0*k - 522. Calculate the remainder when k is divided by 12.
10
Calculate the remainder when 167400/(-200)*6/(-9) is divided by 154.
96
Suppose 5*w = 19 + 21. Let b = 1844 - 1807. Calculate the remainder when b is divided by w.
5
Suppose 0 = 15*r - 11*r - 2*r - 294. Suppose 0 = 4*w - 12, -4*q = w - 3*w - 18. Suppose g = q*g - 150. Calculate the remainder when r is divided by g.
27
Let q = 21595 + -21540. Calculate the remainder when q is divided by 23.
9
Let w = -19 + -38. Let i = w - -65. What is the remainder when (10/(-6))/((-2)/30) is divided by i?
1
Let k = 9923 + -5737. Calculate the remainder when k is divided by 71.
68
Suppose 0 = -2*z + 1923 - 5349. Let c = -1017 - z. Suppose -2*r - 3*o = 2*o - c, -3*r + 1044 = 4*o. Calculate the remainder when r is divided by 14.
12
What is the remainder when 111 is divided by (4 + -7)*(80/(-12) + -6)?
35
Let o(f) = 22*f**2 - 97*f - 787. What is the remainder when o(-8) is divided by 70?
67
Suppose 10 = 5*z, -4*v + 7*v + 4*z - 20 = 0. Suppose o - u = 15, 9*o + u = v*o + 57. Calculate the remainder when o is divided by 4.
0
Let j(a) = -113*a + 22. Calculate the remainder when j(-26) is divided by 78.
74
Suppose -d = -0*d - 13. Let u be 8/1 - (-3)/(-1). Suppose 3*o - 129 = -2*z + 34, 5*z - 470 = u*o. What is the remainder when z is divided by d?
11
Suppose -7*u - 17*u + 4728 = 0. What is the remainder when u is divided by 6/(-3)*55/(-5)?
21
Suppose -105*f + 28338 + 9777 = 0. Calculate the remainder when f is divided by 338.
25
Suppose 8*g = 831 - 79. Calculate the remainder when 669 is divided by g.
11
Suppose -253 = -5*f + 3*s, 34*s - 33*s = -5*f + 289. Calculate the remainder when 13493 is divided by f.
53
Calculate the remainder when 1662*(((-34)/(-5))/((-54)/45) + 6) is divided by 35.
29
Let w = 31604 - 31110. What is the remainder when 1495 is divided by w?
13
Let r = 75 - 72. Suppose -5*s = -r*g + 78, -8*g + 4*s = -6*g - 50. What is the remainder when g is divided by 18?
13
Let l be 2/(6/(-3)) + 4. Suppose 0 = s + l*s - 60. Suppose 0 = -23*w + 879 + 340. What is the remainder when w is divided by s?
8
Let t = 1249 + -620. Suppose 13*r + 83 = t. What is the remainder when 711 is divided by r?
39
Let f(u) = -3*u**2 + 21*u + 4. Let d be f(7). Suppose -d*r + 12 = 0, r + 9 = -n + 48. Calculate the remainder when 466 is divided by n.
34
Let l be (4/(-14))/((-11)/(-77)). What is the remainder when (-1128)/(-4)*l/(-4) is divided by 11?
9
What is the remainder when (10/(-15))/((-16)/16680) is divided by 341?
13
Suppose 0*o + 570 = -19*o. Let b(r) = -r + 22. What is the remainder when 117 is divided by b(o)?
13
What is the remainder when (5126/(-6) + 8)/((-1)/3) is divided by 11?
9
Suppose 4*r - 44 = 5*r. Let w = r + 57. What is the remainder when w is divided by (-2)/(-3) + (-16)/(-3)?
1
Let t(s) = 3*s**3 + 3*s**2 - 2*s. Let w(f) = f + 36. Let p be w(-16). Let v be (-90)/p*(-4)/9. Calculate the remainder when t(v) is divided by 9.
5
Let x = 955 + -469. Suppose z - 18 = -5*u + 23, 10*z = 2*u - 6. Calculate the remainder when x is divided by u.
6
Let q(s) = 44*s + 174. Let i(x) = x. Let h(b) = 4*i(b) - q(b). Calculate the remainder when h(-6) is divided by 39.
27
Let j(n) = -54*n + 1749. Suppose -238 + 1146 = 4*d. Calculate the remainder when d is divided by j(32).
17
Suppose 2*g = 2, -2*g - 3*g - 163 = -3*h. Suppose -99 - 31 = -5*p. Suppose -i + 4 + p = 0. Calculate the remainder when h is divided by i.
26
Let m(g) = -10*g**3 - 21*g - 46. What is the remainder when m(-4) is divided by 225?
3
Suppose 4*f = -12*k + 14*k + 2164, -5*f + 3*k + 2704 = 0. What is the remainder when f is divided by 52?
22
Suppose -3*i = -18 - 21. Let q be 6 - 4/(-4*1/(-8)). Let l(g) = -g**3 - 9*g**2 - 13*g + 5. What is the remainder when i is divided by l(q)?
1
Suppose -4*i = 3*i - 28. Suppose 5*q = -i*r - 221, 5*r + 0*r - 5 = 0. Let h = q - -65. Calculate the remainder when 137 is divided by h.
17
Let r = -23 - -31. Let z(s) = -3*s**2 + 29*s - 9. What is the remainder when z(r) is divided by 30?
1
Suppose 0 = -a + 26 + 2. Suppose -3*u + 0*y - 4*y + 40 = 0, -2*u = 3*y - a. Let i = 799 + -794. What is the remainder when u is divided by i?
3
Let z(w) = -w**3 - 2*w**2 + 5*w - 7. Let x be z(-4). Suppose -4*b = -2*m + 26, -4*b = x*m - 2 - 119. What is the remainder when 102 is divided by m?
18
Let j be 3/(-3) - (3 - 0). Let h(n) be the third derivative of -n**5/60 - n**4/2 - 7*n**3/6 - 18*n**2 - 4*n. Calculate the remainder when h(j) is divided by 17.
8
What is the remainder when 186 is divided by 2/((-18)/(-123)) + (-73)/(-219)?
4
Let l(y) = -92*y + 2035. Let i(d) = -2*d + 3. Let c = -26 + 18. Calculate the remainder when i(c) is divided by l(22).
8
Let f = -5203 + 6759. Calculate the remainder when f is divided by 12.
8
Calculate the remainder when 104 is divided by -94*3/(-6) - (6 + -8 + 8).
22
Let y = -424 + 395. What is the remainder when 45 is divided by ((-27)/(-3) - 6)*y/(-3)?
16
Let b = 622 + -606. Let f(r) = 11*r**3 + 2*r**2 - 9*r + 10. Calculate the remainder when f(3) is divided by b.
10
Suppose -5*m = 3*h - 87, -5*m = h - 68 - 11. Calculate the remainder when (-23)/(-46)*0 - (-1 - 87) is divided by m.
13
Let p(w) = w**3 - 62*w**2 - 414*w + 647. Let b = -29 - -40. What is the remainder when p(68) is divided by b?
8
Let p be 1 + 1 - (-9 - -5). Suppose -5*o - 4*i + 39 = 21, 0 = -2*o - 3*i + 3. Calculate the remainder when ((-42)/(-8))/(p/32) is divided by o.
4
Calculate the remainder when -3*(-23)/((-828)/(-780)) is divided by 28.
9
Suppose 4*f + 2*m - 31 - 3 = 0, -m + 8 = f. Suppose 2*x + 290 = 4*s + 34, s - 50 = -3*x. Calculate the remainder when s is divided by f.
8
Let q(i) = -126*i + 27. What is the remainder when q(-1) is divided by 3/6 + (21/2)/1?
10
What is the remainder when (-27208)/456*9/(-1) is divided by 291?
246
Suppose -2*j - 50 = 4*h, 5*h + 4*j + 56 = h. Let b(p) = -2*p**2 - 31*p - 48. Calculate the remainder when 148 is divided by b(h).
46
Suppose 0 = 42*l - 35*l - 805. Suppose -3*d - 31 = -3*r - 5*d, -r + d + 7 = 0. What is the remainder when l is divided by r?
7
Suppose -8643 = -223*y + 156*y. What is the remainder when 634 is divided by y?
118
Suppose -2016 = 22*a - 26*a. Suppose 6*i = -2*i - a. Calculate the remainder when -6*3/(-9)